
10112322
Convert 202542 (base 6) to base 9.
24178
What is -14240 (base 5) in base 15?
-54a
What is -3446 (base 11) in base 8?
-10657
Convert 128 (base 15) to base 2.
100000111
Convert 4660 (base 7) to base 12.
ba4
What is -2220212 (base 3) in base 14?
-ac1
What is 84 (base 10) in base 2?
1010100
Convert 111001001 (base 2) to base 8.
711
Convert -869 (base 13) to base 11.
-1099
Convert 1110110010101110 (base 2) to base 13.
2176a
Convert 1212113 (base 5) to base 9.
34224
What is -1702 (base 10) in base 9?
-2301
What is 11010101 (base 2) in base 6?
553
Convert -10a8 (base 12) to base 15.
-83b
What is -177c (base 15) in base 14?
-1bbd
3c6b (base 13) to base 8
21004
What is -23677 (base 8) in base 3?
-111221212
What is 282 (base 13) in base 16?
1bc
Convert 1152 (base 8) to base 10.
618
Convert 144652 (base 8) to base 4.
30212222
-184 (base 9) to base 4
-2131
What is 661 (base 10) in base 15?
2e1
Convert db9 (base 15) to base 10.
3099
Convert -56711 (base 11) to base 3.
-11011112220
-ab82 (base 12) to base 9
-28008
Convert -4014 (base 6) to base 15.
-3d4
What is 11973 (base 14) in base 3?
2012000112
525 (base 16) to base 6
10033
-33d1 (base 16) to base 11
-9a6a
What is 354d (base 14) in base 10?
9281
What is -310423 (base 5) in base 9?
-14776
-1021 (base 4) to base 16
-49
40414 (base 5) to base 10
2609
What is -11101010001011 (base 2) in base 4?
-3222023
What is -1b8 (base 12) in base 8?
-434
What is a8f (base 16) in base 2?
101010001111
What is 176 (base 12) in base 6?
1030
What is -35333 (base 7) in base 15?
-2a5e
-2813 (base 15) to base 8
-20570
What is 2a22 (base 12) in base 6?
34442
Convert 8cd3 (base 14) to base 15.
73c9
-23 (base 11) to base 10
-25
What is -100110110010011 (base 2) in base 12?
-b5ab
-102210 (base 3) to base 8
-476
-472 (base 10) to base 8
-730
Convert 4a (base 11) to base 4.
312
What is 994 (base 15) in base 16?
874
112022122 (base 3) to base 10
10439
71ef (base 16) to base 15
8997
Convert -3d5 (base 15) to base 12.
-60b
What is -3471 (base 12) in base 15?
-1aea
What is 4fc7 (base 16) in base 2?
100111111000111
Convert -10011110111 (base 2) to base 12.
-89b
Convert -14001 (base 6) to base 15.
-991
Convert -54d (base 14) to base 5.
-13144
Convert 203 (base 4) to base 13.
29
120301 (base 6) to base 9
15331
Convert -8834 (base 10) to base 16.
-2282
Convert -10001 (base 5) to base 16.
-272
1424 (base 13) to base 3
10222112
Convert 23046 (base 10) to base 11.
16351
104065 (base 8) to base 10
34869
28ea (base 16) to base 4
2203222
Convert 85 (base 12) to base 13.
7a
-22111002 (base 3) to base 13
-2a7a
-1110001111 (base 2) to base 9
-1222
920 (base 11) to base 14
595
Convert b48 (base 12) to base 2.
11001101000
1221100 (base 3) to base 8
2605
Convert -2101222 (base 3) to base 14.
-8d4
-21401 (base 6) to base 3
-11001101
Convert -352452 (base 6) to base 15.
-902b
What is 1a59 (base 12) in base 2?
110010100101
What is -32055 (base 6) in base 15?
-1455
10068 (base 9) to base 11
4a81
-2032003 (base 4) to base 14
-3455
-213402 (base 7) to base 12
-19676
What is 47498 (base 10) in base 16?
b98a
3112 (base 6) to base 8
1264
What is 11003 (base 4) in base 14?
191
What is 397 (base 13) in base 8?
1167
What is 221022 (base 3) in base 14?
36b
Convert -2030120 (base 5) to base 14.
-c128
Convert -6a3 (base 12) to base 6.
-4323
Convert -3675 (base 9) to base 2.
-101010110101
What is 364 (base 9) in base 12?
211
What is 6148 (base 9) in base 14?
18d5
Convert -5a9 (base 13) to base 2.
-1111011000
Convert 2404 (base 8) to base 13.
77a
-539 (base 10) to base 13
-326
-1a63 (base 11) to base 9
-3520
What is -91 (base 13) in base 5?
-433
555 (base 8) to base 7
1031
-1220332 (base 5) to base 4
-11222301
What is -424 (base 13) in base 7?
-2026
What is -4d3a (base 14) in base 13?
-6244
What is -10644 (base 7) in base 10?
-2727
16715 (base 8) to base 7
31146
-103002 (base 6) to base 10
-8426
Convert -11010011 (base 2) to base 3.
-21211
980a (base 12) to base 15
4e44
5ca (base 14) to base 5
14113
-13c6 (base 14) to base 11
-26a8
What is -16596 (base 13) in base 12?
-20873
Convert 729 (base 12) to base 3.
1102120
Convert 56053 (base 7) to base 9.
21307
10030 (base 4) to base 15
12d
Convert -225 (base 16) to base 2.
-1000100101
-53 (base 10) to base 8
-65
-4404 (base 12) to base 11
-56a1
What is -512 (base 7) in base 9?
-312
What is 2583 (base 14) in base 8?
14667
Convert -110001012 (base 3) to base 12.
-50b8
Convert -2200110 (base 4) to base 13.
-4893
Convert 2163 (base 13) to base 9.
6330
Convert ae (base 16) to base 10.
174
What is -219 (base 16) in base 3?
-201220
What is 11013 (base 5) in base 8?
1366
Convert -1003043 (base 5) to base 16.
-3e97
7401 (base 8) to base 2
111100000001
2a07 (base 12) to base 4
1030213
What is f80 (base 16) in base 8?
7600
Convert 11100110001 (base 2) to base 15.
82b
Convert 200010 (base 3) to base 4.
13221
What is -437c (base 13) in base 5?
-300043
-18976 (base 13) to base 15
-e23a
Convert 104430 (base 5) to base 14.
1512
What is -111210000 (base 3) in base 5?
-310134
-6a3 (base 13) to base 7
-3226
7091 (base 10) to base 5
211331
162230 (base 8) to base 11
3aa70
What is -122030 (base 4) in base 3?
-2022002
What is 2406 (base 9) in base 13?
a77
Convert 2200020 (base 3) to base 2.
11110011110
Convert 1301 (base 16) to base 9.
6605
Convert -3fcd (base 16) to base 4.
-3333031
Convert 152 (base 8) to base 12.
8a
What is -10455 (base 11) in base 5?
-441220
Convert 245a (base 11) to base 6.
22511
What is 225 (base 13) in base 7?
1035
bc8 (base 14) to base 8
4434
-1001 (base 16) to base 4
-1000001
Convert ab (base 14) to base 8.
227
Convert 585 (base 9) to base 16.
1e2
156d (base 16) to base 12
3211
-123 (base 13) to base 3
-21100
Convert 66744 (base 8) to base 5.
1400012
-2ff (base 16) to base 15
-362
What is 723 (base 16) in base 3?
2111200
-997 (base 14) to base 10
-1897
-3256 (base 12) to base 15
-1993
Convert -316 (base 13) to base 8.
-1016
What is -13c (base 15) in base 12?
-1b6
What is 22006 (base 8) in base 14?
350a
What is -66 (base 10) in base 4?
-1002
What is 3276 (base 8) in base 3?
2100221
-10012000 (base 3) to base 5
-33242
-114510 (base 6) to base 7
-41340
What is -507e (base 15) in base 13?
-7973
What is -223232 (base 6) in base 2?
-100100111000100
21421 (base 10) to base 15
6531
Convert 160 (base 12) to base 6.
1000
109 (base 11) to base 13
a0
244 (base 10) to base 16
f4
Convert 12331113 (base 4) to base 13.
cc87
What is 2305 (base 10) in base 8?
4401
What is 644 (base 12) in base 14?
496
What is 1a4 (base 16) in base 9?
516
11100001100 (base 2) to base 13
a8a
What is -2514 (base 7) in base 2?
-1110101110
What is 1011012 (base 3) in base 8?
1512
-566 (base 11) to base 8
-1245
Convert -832 (base 13) to base 5.
-21033
Convert -2188 (base 10) to base 11.
-170a
Convert 2262 (base 8) to base 12.
842
2120212 (base 3) to base 6
12422
Convert -1320124 (base 6) to base 12.
-36044
What is -5237 (base 9) in base 12?
-2281
What is 46e (base 15) in base 13?
5c3
-113401 (base 5) to base 4
-1002002
-2064 (base 9) to base 8
-2754
11101011010 (base 2) to base 13
b1a
116877 (base 9) to base 16
1142e
What is -3013 (base 7) in base 2?
-10000001111
What is -13012 (base 5) in base 4?
-33233
What is 1010010110011 (base 2) in base 11?
3a88
319 (base 10) to base 6
1251
-31013 (base 4) to base 5
-11324
-25a (base 13) to base 8
-635
6808 (base 15) to base 6
250042
Convert 2020202 (base 3) to base 10.
1640
What is -187 (base 14) in base 8?
-473
What is -31a (base 11) in base 4?
-12000
Convert 14420 (base 11) to base 16.
4ff7
-c91 (base 16) to base 10
-3217
-52821 (base 10) to base 11
-3675a
What is 1110010 (base 2) in base 12?
96
-13220131 (base 4) to base 7
-160066
What is -3054 (base 6) in base 5?
-10212
19764 (base 10) to base 8
46464
-134202 (base 5) to base 14
-2048
What is -250 (base 6) in base 15?
-6c
Convert 210102 (base 3) to base 10.
578
What is 5939 (base 15) in base 8?
45012
Convert -10122 (base 12) to base 11.
-14786
-402 (base 13) to base 7
-1656
7518 (base 15) to base 13
b378
What is -234023 (base 5) in base 14?
-3210
What is -250 (base 14) in base 6?
-2050
-840 (base 15) to base 9
-2486
2443 (base 5) to base 12
271
378 (base 12) to base 7
1346
What is -124 (base 14) in base 6?
-1020
620d (base 14) to base 2
100000111100101
